{"id":86,"date":"2019-11-20T12:52:53","date_gmt":"2019-11-20T11:52:53","guid":{"rendered":"https:\/\/www.adkovpristav.sk\/?page_id=86"},"modified":"2019-11-20T14:29:58","modified_gmt":"2019-11-20T13:29:58","slug":"stanovy-obcianskeho-zdruzenia","status":"publish","type":"page","link":"https:\/\/www.adkovpristav.sk\/?page_id=86","title":{"rendered":"Stanovy OZ"},"content":{"rendered":"<div class=\"entry\">\n\n\n<h2 class=\"wp-block-heading\" style=\"text-align:center\"><strong>STANOVY OB\u010cIANSKEHO ZDRU\u017dENIA<\/strong><\/h2>\n\n\n\n<p style=\"text-align:center\"><strong>\u010cl\u00e1nok 1<br>N\u00e1zov a s\u00eddlo zdru\u017eenia<\/strong><\/p>\n\n\n\n<p>1.1.  N\u00e1zov ob\u010dianskeho zdru\u017eenia je A\u010fkov pr\u00edstav.<br>1.2.  S\u00eddlo ob\u010dianskeho zdru\u017eenia je Novoji\u010d\u00ednska 2,Martin 036 01.<\/p>\n\n\n\n<p style=\"text-align:center\"><strong>\u010cl\u00e1nok 2<br> Ciele zdru\u017eenia<\/strong><\/p>\n\n\n\n<p>A\u010fkov pr\u00edstav je dobrovo\u013en\u00e9 ob\u010dianske zdru\u017eenie ob\u010danov, ktor\u00e9 zastupuje z\u00e1ujmy zdravotne \u0165a\u017eko postihnut\u00e9ho Adri\u00e1na Mih\u00e1lika a \u010fal\u0161\u00edch det\u00ed, ml\u00e1de\u017ee a dospel\u00fdch handikepovan\u00fdch os\u00f4b, ktor\u00fdch diagn\u00f3zou je detsk\u00fd autizmus a ich rodiny.<br>\nCie\u013eom A\u010fkovho pr\u00edstavu je:<\/p>\n\n\n\n<ul class=\"wp-block-list\"><li>Podporova\u0165 rozv\u00edjanie z\u00e1ujmov a schopnost\u00ed det\u00ed, ml\u00e1de\u017ee a dospel\u00fdch, ktor\u00e9 ved\u00fa k skvalitneniu ich \u017eivotov, sebarealiz\u00e1ci\u00ed a zmyslupln\u00e9mu naplneniu ich vo\u013en\u00e9ho \u010dasu<\/li><li>Napom\u00e1ha\u0165 k spolo\u010denskej integr\u00e1cii<\/li><li>Organizova\u0165 v\u00fdlety, z\u00e1jazdy a pobyty pre deti, ml\u00e1de\u017e a dospel\u00fdch<\/li><\/ul>\n\n\n\n<p>2.1  Ob\u010dianske zdru\u017eenie bude vyv\u00edja\u0165 v\u0161etky aktivity v s\u00falade s pr\u00e1vnymi predpismi, mor\u00e1lnymi a etick\u00fdmi princ\u00edpmi, za \u00fa\u010delom naplnenia v\u0161et\u00fdch cie\u013eov zdru\u017eenia.<\/p>\n\n\n\n<p style=\"text-align:center\"><strong>\u010cl\u00e1nok 3<br>\u010clenstvo<\/strong><\/p>\n\n\n\n<p>3.1 \u010clenmi ob\u010dianskeho zdru\u017eenia m\u00f4\u017eu by\u0165 fyzick\u00e9 osoby star\u0161ie ako 18. rokov veku a aj pr\u00e1vnick\u00e9 osoby.<br>3.2 Nikto nesmie by\u0165 n\u00faten\u00fd sta\u0165 sa \u010dlenom ob\u010dianskeho zdru\u017eenia alebo k \u00fa\u010dasti na \u010dinnosti ob\u010dianskeho zdru\u017eenia.<br>3.3 Z ob\u010dianskeho zdru\u017eenia m\u00f4\u017ee ka\u017ed\u00fd slobodne vyst\u00fapi\u0165.<br>3.4 \u010clenstvo vznik\u00e1 uhraden\u00edm \u010dlensk\u00e9ho pr\u00edspevku ur\u010den\u00e9ho na pr\u00edslu\u0161n\u00fd rok rozhodnut\u00edm \u010dlenskej rady a s\u00fa\u010dasne schv\u00e1len\u00edm \u017eiadosti \u010dlena \u010dlenskou radou. V \u017eiadosti o \u010dlenstvo mus\u00ed osoba \u017eiadaj\u00faca o \u010dlenstvo s\u00fahlasi\u0165 so stanovami zdru\u017eenia a prehl\u00e1si\u0165, \u017ee sa s nimi obozn\u00e1mila.<br>3.5 \u010clenovia ob\u010dianskeho zdru\u017eenia maj\u00fa pr\u00e1vo najm\u00e4:<\/p>\n\n\n\n<ul class=\"wp-block-list\"><li>z\u00fa\u010dast\u0148ova\u0165 sa na zasadnutiach \u010dlenskej rady,<\/li><li>podiela\u0165 sa na aktivit\u00e1ch ob\u010dianskeho zdru\u017eenia,<\/li><li>voli\u0165 a by\u0165 volen\u00fd do org\u00e1nov a za funkcion\u00e1rov ob\u010dianskeho zdru\u017eenia,<\/li><li>\u017eiada\u0165 inform\u00e1cie a vysvetlenia od v\u0161etk\u00fdch org\u00e1nov a funkcion\u00e1rov ob\u010dianskeho zdru\u017eenia<\/li><\/ul>\n\n\n\n<p>3.6 \u010clenovia ob\u010dianskeho zdru\u017eenia maj\u00fa povinnos\u0165 najm\u00e4:<\/p>\n\n\n\n<ul class=\"wp-block-list\"><li>uhradi\u0165 \u010dlensk\u00fd pr\u00edspevok za ka\u017ed\u00fd pr\u00edslu\u0161n\u00fd kalend\u00e1rny rok vo v\u00fd\u0161ke ur\u010denej rozhodnut\u00edm \u010dlenskej rady,<\/li><li>dodr\u017eiava\u0165 stanovy a in\u00e9 rozhodnutia prijat\u00e9 na \u010dlenskej rade, s ktor\u00fdmi boli obozn\u00e1men\u00ed,<\/li><li>akt\u00edvne sa z\u00fa\u010dast\u0148ova\u0165 na aktivit\u00e1ch ob\u010dianskeho zdru\u017eenia pri napl\u0148an\u00ed jeho cie\u013eov<\/li><\/ul>\n\n\n\n<p>3.7 \u010clenstvo zanik\u00e1 najm\u00e4 d\u0148om doru\u010denia ozn\u00e1menia o vyst\u00fapen\u00ed \u010dlena z ob\u010dianskeho zdru\u017eenia, \u00famrt\u00edm\/z\u00e1nikom osoby, alebo rozhodnut\u00edm \u010dlenskej rady o vyl\u00fa\u010den\u00ed \u010dlena z d\u00f4vodu poru\u0161ovania pr\u00e1vnych alebo intern\u00fdch predpisov ob\u010dianskeho zdru\u017eenia.<\/p>\n\n\n\n<p style=\"text-align:center\"><strong>\u010cl\u00e1nok 4<br>Org\u00e1ny ob\u010dianskeho zdru\u017eenia<\/strong><\/p>\n\n\n\n<p>4.1 Org\u00e1nmi zdru\u017eenia s\u00fa:<\/p>\n\n\n\n<ul class=\"wp-block-list\"><li>\u010dlensk\u00e1 rada ako najv\u0161\u0161\u00ed org\u00e1n ob\u010dianskeho zdru\u017eenia,<\/li><li>predseda ob\u010dianskeho zdru\u017eenia ako \u0161tatut\u00e1rny org\u00e1n opr\u00e1vnen\u00fd kona\u0165 v mene zdru\u017eenia,<\/li><li>kontroln\u00e1 rada ako kontroln\u00fd org\u00e1n ob\u010dianskeho zdru\u017eenia<\/li><\/ul>\n\n\n\n<p>4.2 \u010clensk\u00e1 rada je tvoren\u00e1 v\u0161etk\u00fdmi \u010dlenmi zdru\u017eenia. Zvol\u00e1va ju predseda ob\u010dianskeho zdru\u017eenia, najmenej 15 dn\u00ed pred jej zasadnut\u00edm, a to minim\u00e1lne \u0161tvrro\u010dne. Je uzn\u00e1\u0161ania-schopn\u00e1, ak sa jej z\u00fa\u010dastn\u00ed nadpolovi\u010dn\u00e1 v\u00e4\u010d\u0161ina v\u0161etk\u00fdch \u010dlenov, pri\u010dom rozhodnutia prij\u00edma na z\u00e1klade nadpolovi\u010dnej v\u00e4\u010d\u0161iny pr\u00edtomn\u00fdch \u010dlenov. Ka\u017ed\u00fd \u010dlen m\u00e1 1 hlas. \u010clensk\u00e1 rada vykon\u00e1va a zodpovedn\u00e1 najm\u00e4 za tieto \u010dinnosti:<\/p>\n\n\n\n<ul class=\"wp-block-list\"><li>vol\u00ed a odvol\u00e1va predsedu ob\u010dianskeho zdru\u017eenia,<\/li><li>vol\u00ed a odvol\u00e1va kontroln\u00fa radu ob\u010dianskeho zdru\u017eenia,<\/li><li>schva\u013euje ak\u00e9ko\u013evek zmeny stanov,<\/li><li>schva\u013euje rozpo\u010det na kalend\u00e1rny rok a spr\u00e1vu o hospod\u00e1ren\u00ed predlo\u017een\u00fa kontrolnou radou ob\u010dianskeho zdru\u017eenia,<\/li><li>schva\u013euje prijatie nov\u00fdch \u010dlenov a v\u00fd\u0161ku \u010dlensk\u00e9ho pr\u00edspevku na kalend\u00e1rny rok,<\/li><li>rozhoduje o z\u00e1niku ob\u010dianskeho zdru\u017eenia,<\/li><li>rozhoduje o v\u0161etk\u00fdch ostatn\u00fdch z\u00e1le\u017eitostiach nezveren\u00fdch in\u00fdm org\u00e1nom zdru\u017eenia<\/li><\/ul>\n\n\n\n<p>4.3 Predseda ob\u010dianskeho zdru\u017eenia kon\u00e1 navonok v mene ob\u010dianskeho zdru\u017eenia ako \u0161tatut\u00e1rny org\u00e1n. Je volen\u00fd a odvol\u00e1van\u00fd \u010dlenskou radou na 4 ro\u010dn\u00e9 funk\u010dn\u00e9 obdobie. Predseda ob\u010dianskeho zdru\u017eenia zvol\u00e1va zasadnutia \u010dlenskej rady a riadi jej priebeh. Predseda ob\u010dianskeho zdru\u017eenia ako \u0161tatut\u00e1rny org\u00e1n kon\u00e1 samostatne tak, \u017ee k svojmu podpisu a menu pripoj\u00ed n\u00e1zov ob\u010dianskeho zdru\u017eenia a funkciu.<\/p>\n\n\n\n<p>4.4 Predseda ob\u010dianskeho zdru\u017eenia je opr\u00e1vnen\u00fd poveri\u0165 in\u00fa osobu konkr\u00e9tnymi \u00fakonmi v mene ob\u010dianskeho zdru\u017eenia, na zabezpe\u010denie kontinuity fungovania ob\u010dianskeho zdru\u017eenia.<\/p>\n\n\n\n<p>4.5 Kontroln\u00e1 rada je kontroln\u00fdm org\u00e1nom ob\u010dianskeho zdru\u017eenia. V\u0161etci \u010dlenovia, org\u00e1ny a funkcion\u00e1ri ob\u010dianskeho zdru\u017eenia jej musia poskytn\u00fa\u0165 v\u0161etky inform\u00e1cie, dokumenty a podklady na vypracovanie spr\u00e1vy o hospod\u00e1ren\u00ed zdru\u017eenia za pr\u00edslu\u0161n\u00fd kalend\u00e1rny rok. Kontroln\u00e1 rada je volen\u00e1 a odvol\u00e1van\u00e1 \u010dlenskou radou, pri\u010dom mus\u00ed ma\u0165 v\u017edy minim\u00e1lne dvoch \u010dlenov.<\/p>\n\n\n\n<p>4.6 V\u0161etci funkcion\u00e1ri zvolen\u00ed alebo odvolan\u00ed \u010dlenskou radou musia by\u0165 uveden\u00ed v z\u00e1pisnici zo zasadnutia \u010dlenskej rady menom, priezviskom a d\u00e1tumom narodenia.<\/p>\n\n\n\n<p>4.7 Ak\u00e9ko\u013evek zmeny stanov alebo funkcion\u00e1rov opr\u00e1vnen\u00fdch kona\u0165 v mene ob\u010dianskeho zdru\u017eenia oznamuje predseda ob\u010dianskeho zdru\u017eenia Ministerstvu vn\u00fatra SR do 15 dn\u00ed od ich zvolenia alebo odvolania.<\/p>\n\n\n\n<p style=\"text-align:center\"><strong>\u010cl\u00e1nok 5<br> Z\u00e1sady hospod\u00e1renia<\/strong><\/p>\n\n\n\n<p>5.1 Ob\u010dianskeho zdru\u017eenie hospod\u00e1ri s hnute\u013en\u00fdm a nehnute\u013en\u00fdm majetkom z\u00edskan\u00fdch z darov, grantov, \u010dlensk\u00fdch pr\u00edspevkov, alebo z podielu dane.<br> 5.2 Pri z\u00e1niku zdru\u017eenia rozhoduje o jeho majetku \u010dlensk\u00e1 sch\u00f4dza nadpolovi\u010dnou v\u00e4\u010d\u0161inou hlasov v\u0161etk\u00fdch \u010dlenov.<\/p>\n\n\n\n<p style=\"text-align:center\"><strong>\u010cl\u00e1nok 7<br> Z\u00e1vere\u010dn\u00e9 ustanovenia<\/strong><\/p>\n\n\n\n<p>6.1 Pr\u00e1va a povinnosti \u010dlenov, a \u010dinnos\u0165 ob\u010dianskeho zdru\u017eenia neupraven\u00e9 stanovami sa riadia pr\u00e1vnymi predpismi platn\u00fdmi na \u00fazem\u00ed Slovenskej republiky.<br> 6.2 Tieto stanovy boli vyhotoven\u00e9 d\u0148a: 29.9.2018.<br> 6.3 Zdru\u017eenie vznik\u00e1 registr\u00e1ciou na Ministerstve vn\u00fatra SR a s stanovy nadob\u00fadaj\u00fa \u00fa\u010dinnos\u0165 d\u0148om registr\u00e1cie.<br> 6.4 A\u010fkov pr\u00edstav je zalo\u017een\u00fd na dobu neur\u010dit\u00fa.<\/p>\n\n\n\n<p><\/p>\n\n\n\n<div class=\"wp-block-file\"><a href=\"https:\/\/www.adkovpristav.sk\/wp-content\/uploads\/2019\/11\/Stanovy-ob\u010dianskeho-zdru\u017eenie-Adkov-pr\u00edstav.pdf\">Stanovy na stiahnutie<\/a><a href=\"https:\/\/www.adkovpristav.sk\/wp-content\/uploads\/2019\/11\/Stanovy-ob\u010dianskeho-zdru\u017eenie-Adkov-pr\u00edstav.pdf\" class=\"wp-block-file__button\" download>Stiahnu\u0165<\/a><\/div>\n\n\n<\/div>","protected":false},"excerpt":{"rendered":"<p>STANOVY OB\u010cIANSKEHO ZDRU\u017dENIA \u010cl\u00e1nok 1N\u00e1zov a s\u00eddlo zdru\u017eenia 1.1. N\u00e1zov ob\u010dianskeho zdru\u017eenia je A\u010fkov pr\u00edstav.1.2. S\u00eddlo ob\u010dianskeho zdru\u017eenia je Novoji\u010d\u00ednska 2,Martin 036 01. \u010cl\u00e1nok 2 Ciele zdru\u017eenia A\u010fkov pr\u00edstav je dobrovo\u013en\u00e9 ob\u010dianske zdru\u017eenie ob\u010danov, ktor\u00e9 zastupuje z\u00e1ujmy zdravotne \u0165a\u017eko postihnut\u00e9ho Adri\u00e1na Mih\u00e1lika a \u010fal\u0161\u00edch det\u00ed, ml\u00e1de\u017ee a dospel\u00fdch handikepovan\u00fdch os\u00f4b, ktor\u00fdch diagn\u00f3zou je detsk\u00fd autizmus &#8230;<\/p>\n","protected":false},"author":1,"featured_media":0,"parent":0,"menu_order":2,"comment_status":"closed","ping_status":"closed","template":"","meta":{"_monsterinsights_skip_tracking":false,"_monsterinsights_sitenote_active":false,"_monsterinsights_sitenote_note":"","_monsterinsights_sitenote_category":0,"footnotes":""},"class_list":["post-86","page","type-page","status-publish"],"aioseo_notices":[],"_links":{"self":[{"href":"https:\/\/www.adkovpristav.sk\/index.php?rest_route=\/wp\/v2\/pages\/86","targetHints":{"allow":["GET"]}}],"collection":[{"href":"https:\/\/www.adkovpristav.sk\/index.php?rest_route=\/wp\/v2\/pages"}],"about":[{"href":"https:\/\/www.adkovpristav.sk\/index.php?rest_route=\/wp\/v2\/types\/page"}],"author":[{"embeddable":true,"href":"https:\/\/www.adkovpristav.sk\/index.php?rest_route=\/wp\/v2\/users\/1"}],"replies":[{"embeddable":true,"href":"https:\/\/www.adkovpristav.sk\/index.php?rest_route=%2Fwp%2Fv2%2Fcomments&post=86"}],"version-history":[{"count":5,"href":"https:\/\/www.adkovpristav.sk\/index.php?rest_route=\/wp\/v2\/pages\/86\/revisions"}],"predecessor-version":[{"id":95,"href":"https:\/\/www.adkovpristav.sk\/index.php?rest_route=\/wp\/v2\/pages\/86\/revisions\/95"}],"wp:attachment":[{"href":"https:\/\/www.adkovpristav.sk\/index.php?rest_route=%2Fwp%2Fv2%2Fmedia&parent=86"}],"curies":[{"name":"wp","href":"https:\/\/api.w.org\/{rel}","templated":true}]}}